nd 104.
8
Calculate the highest common divisor of 3435 and 458.
229
Calculate the greatest common divisor of 125 and 8425.
25
Calculate the greatest common factor of 199 and 199.
199
Calculate the greatest common divisor of 33 and 1793.
11
What is the greatest common divisor of 34 and 221?
17
Calculate the greatest common divisor of 924 and 2112.
132
What is the greatest common factor of 2896 and 543?
181
What is the highest common divisor of 4170 and 90?
30
What is the greatest common divisor of 760 and 240?
40
What is the greatest common factor of 252 and 224?
28
What is the greatest common factor of 21 and 5271?
21
What is the greatest common divisor of 45 and 384?
3
Calculate the highest common factor of 25650 and 38.
38
Calculate the highest common factor of 108 and 135.
27
Calculate the highest common factor of 295 and 649.
59
What is the greatest common factor of 423 and 9?
9
What is the highest common factor of 16 and 104?
8
What is the highest common divisor of 104 and 9828?
52
Calculate the highest common divisor of 2831 and 38.
19
Calculate the highest common factor of 5 and 625.
5
Calculate the highest common divisor of 651 and 3.
3
Calculate the greatest common factor of 8 and 19132.
4
What is the highest common divisor of 1030 and 206?
206
Calculate the greatest common divisor of 5406 and 3.
3
Calculate the greatest common factor of 6 and 5592.
6
What is the highest common factor of 132 and 18?
6
What is the highest common factor of 2640 and 600?
120
What is the highest common factor of 26 and 2782?
26
Calculate the greatest common factor of 1403 and 46.
23
Calculate the greatest common factor of 990 and 20196.
198
Calculate the greatest common divisor of 282 and 423.
141
Calculate the highest common factor of 128 and 208.
16
What is the highest common factor of 1088 and 8768?
64
What is the highest common factor of 20 and 680?
20
What is the greatest common divisor of 1606 and 146?
146
What is the highest common factor of 43 and 23?
1
Calculate the greatest common factor of 300 and 4260.
60
What is the greatest common factor of 8260 and 140?
140
What is the greatest common factor of 45 and 2061?
9
What is the highest common divisor of 2742 and 12?
6
What is the highest common factor of 325 and 130?
65
What is the highest common divisor of 50 and 790?
10
What is the highest common divisor of 141 and 47?
47
What is the highest common divisor of 50 and 9150?
50
What is the greatest common factor of 73 and 511?
73
Calculate the highest common divisor of 26 and 12974.
26
Calculate the highest common divisor of 403 and 39.
13
What is the highest common divisor of 52 and 6955?
13
Calculate the highest common divisor of 48 and 216.
24
Calculate the highest common divisor of 564 and 24.
12
What is the greatest common divisor of 40 and 5020?
20
Calculate the greatest common factor of 336 and 420.
84
What is the highest common factor of 4727 and 58?
29
What is the highest common divisor of 368 and 23?
23
Calculate the highest common divisor of 40546 and 38.
38
What is the greatest common factor of 20 and 220?
20
Calculate the greatest common divisor of 12 and 843.
3
Calculate the highest common factor of 77 and 473.
11
What is the greatest common factor of 188 and 4?
4
Calculate the greatest common divisor of 98 and 28322.
98
What is the highest common divisor of 770 and 682?
22
Calculate the highest common factor of 10797 and 183.
183
What is the greatest common divisor of 5236 and 924?
308
What is the greatest common divisor of 270 and 80?
10
Calculate the greatest common divisor of 252 and 8946.
126
What is the highest common divisor of 3287 and 38?
19
Calculate the greatest common factor of 63 and 20223.
63
Calculate the greatest common factor of 6 and 1224.
6
What is the greatest common divisor of 549 and 9?
9
Calculate the greatest common factor of 1778 and 28.
14
Calculate the greatest common divisor of 1 and 1.
1
Calculate the highest common factor of 435 and 261.
87
What is the highest common divisor of 633 and 17513?
211
Calculate the highest common divisor of 510 and 30.
30
What is the highest common divisor of 27 and 351?
27
Calculate the greatest common divisor of 440 and 5962.
22
Calculate the highest common factor of 61 and 3904.
61
What is the greatest common divisor of 8 and 8?
8
Calculate the highest common factor of 2208 and 60.
12
Calculate the greatest common factor of 24 and 402.
6
What is the greatest common factor of 1953 and 693?
63
What is the highest common divisor of 6 and 8?
2
What is the greatest common divisor of 266 and 323?
19
What is the highest common factor of 132 and 84?
12
What is the greatest common divisor of 102 and 12?
6
What is the highest common divisor of 13 and 1339?
13
Calculate the greatest common factor of 952 and 280.
56
Calculate the highest common factor of 60 and 105.
15
Calculate the highest common factor of 2573 and 124.
31
Calculate the highest common divisor of 17 and 21.
1
Calculate the highest common divisor of 1359 and 9.
9
Calculate the greatest common divisor of 20 and 10360.
20
Calculate the highest common factor of 40 and 340.
20
What is the greatest common factor of 155 and 217?
31
Calculate the greatest common factor of 68 and 34.
34
What is the greatest common divisor of 1615 and 170?
85
Calculate the highest common divisor of 250 and 6625.
125
What is the highest common factor of 90 and 360?
90
What is the highest common factor of 600 and 8?
8
Calculate the greatest common factor of 28 and 1316.
28
Calculate the highest common divisor of 64 and 160.
32
Calculate the highest common divisor of 10695 and 31.
31
Calculate the highest common factor of 13 and 3419.
13
Calculate the greatest common factor of 19 and 779.
19
Calculate the greatest common divisor of 6 and 222.
6
Calculate the greatest common factor of 140 and 2170.
70
Calculate the highest common divisor of 63 and 28.
7
Calculate the highest common divisor of 172 and 2107.
43
Calculate the highest common factor of 30 and 430.
10
Calculate the greatest common divisor of 300 and 23250.
150
Calculate the greatest common factor of 26 and 9854.
26
Calculate the greatest common factor of 30 and 43170.
30
What is the greatest common factor of 65 and 91?
13
What is the greatest common divisor of 20 and 260?
20
What is the greatest common factor of 68 and 11441?
17
What is the highest common factor of 999 and 1332?
333
What is the highest common divisor of 312 and 65?
13
What is the highest common factor of 168 and 42?
42
Calculate the greatest common divisor of 336 and 8016.
48
Calculate the greatest common factor of 6780 and 720.
60
Calculate the greatest common divisor of 272 and 50.
2
Calculate the greatest common divisor of 40 and 112.
8
What is the greatest common factor of 24 and 22728?
24
Calculate the greatest common divisor of 4422 and 12.
6
Calculate the greatest common divisor of 39 and 26.
13
What is the greatest common factor of 714 and 102?
102
What is the greatest common factor of 18532 and 2260?
452
What is the greatest common divisor of 756 and 5940?
108
What is the greatest common factor of 1088 and 32?
32
What is the highest common factor of 5983 and 193?
193
Calculate the greatest common divisor of 24 and 1812.
12
Calculate the highest common divisor of 752 and 5828.
188
What is the greatest common factor of 2040 and 20?
20
What is the greatest common factor of 93 and 26753?
31
Calculate the greatest common divisor of 2847 and 65.
13
What is the highest common factor of 540 and 2565?
135
Calculate the highest common factor of 1573 and 26.
13
What is the highest common divisor of 48 and 174?
6
What is the highest common divisor of 4 and 226?
2
What is the highest common factor of 172 and 4?
4
Calculate the highest common factor of 2240 and 35.
35
Calculate the highest common divisor of 13 and 559.
13
Calculate the greatest common factor of 357 and 153.
51
What is the greatest common divisor of 212 and 1007?
53
Calculate the highest common factor of 84 and 3276.
84
Calculate the greatest common factor of 216 and 168.
24
Calculate the highest common divisor of 12309 and 198.
33
Calculate the highest common factor of 4462 and 138.
46
What is the highest common factor of 774 and 90?
18
What is the highes